{"id":634,"date":"2024-11-24T21:26:21","date_gmt":"2024-11-24T20:26:21","guid":{"rendered":"https:\/\/zusvex.com\/?page_id=634"},"modified":"2024-11-24T21:32:00","modified_gmt":"2024-11-24T20:32:00","slug":"transmission","status":"publish","type":"page","link":"https:\/\/zusvex.com\/index.php\/transmission\/","title":{"rendered":"Transmission"},"content":{"rendered":"\n<h2 class=\"wp-block-heading\">\u00c9ducation artistique et culturelle<\/h2>\n\n\n\n<p>Marie Bout aime partager des aventures artistiques avec les habitant\u00b7es d&rsquo;un quartier, les r\u00e9sident\u00b7es d&rsquo;une structure, des publics scolaires.<\/p>\n\n\n\n<p>Maria Bout privil\u00e9gie les aventures qui s&rsquo;inscrivent dans la dur\u00e9e pour laisser du temps \u00e0 la rencontre humaine et tisser un lien de confiance.<\/p>\n\n\n\n<p>Elle cr\u00e9e des spectacles \u00e0 partir de la mati\u00e8re r\u00e9colt\u00e9e au cours de ces temps de rencontres et de recherche artistique. En fonction de la nature des projets, les participant\u00b7es sont impliqu\u00e9\u00b7es dans la cr\u00e9ation elle-m\u00eame.<\/p>\n\n\n\n<p><\/p>\n\n\n\n<h4 class=\"wp-block-heading\"><strong>Des projets d&rsquo;EAC r\u00e9alis\u00e9s<\/strong><\/h4>\n\n\n\n<p class=\"has-small-font-size\"><strong>2021 &#8211; En partenariat avec le th\u00e9\u00e2tre Le Strapontin de Pont-Scorff&nbsp;<\/strong><br>Avec des patient\u00b7es de l\u2019H\u00f4pital Charcot de Caudan <br>\u202810 ateliers autour du th\u00e9\u00e2tre d&rsquo;objets aboutissant \u00e0&nbsp;une cr\u00e9ation d\u2019autoportraits.<\/p>\n\n\n\n<p class=\"has-small-font-size\"><br><strong>2021 &#8211; En partenariat avec la Bande \u00e0 Grimaud de Lorient \u2028<\/strong><br>Avec des hommes des Maisons d\u2019arr\u00eat de Rennes et de Vannes<br>Cr\u00e9ations radiophoniques r\u00e9alis\u00e9es \u00e0 partir de textes&nbsp;de Sylvain Levey tir\u00e9s de \u00ab\u00a0La f\u00eate \u00e0 venir&nbsp;\u00bb.<\/p>\n\n\n\n<p><\/p>\n\n\n\n<p class=\"has-small-font-size\"><br><strong>2019 &#8211; En partenariat avec le th\u00e9\u00e2tre Le Strapontin de Pont-Scorff <\/strong><br>R\u00e9sidence d&rsquo;un an au sein d\u2019Emma\u00fcs de R\u00e9d\u00e9n\u00e9, dans le cadre des 50 ans de la communaut\u00e9<br>\u2028Cr\u00e9ation d&rsquo;un parcours-spectacle au c\u0153ur du lieu de vie avec la participation des compagnons et orchestr\u00e9 par Marie Bout avec son personnage d\u2019Irina Dachta.<\/p>\n\n\n\n<p class=\"has-small-font-size\"><br><strong>2018 &#8211; En partenariat avec l\u2019Association Essor de Rennes<\/strong><br>\u2028Immersion pendant 6 mois au sein de l&rsquo;association Essor\u2028<br>\u00c0 partir d&rsquo;un collectage de paroles de femmes, cr\u00e9ation d&rsquo;un spectacle r\u00e9alis\u00e9 par Marie Bout autour du th\u00e8me \u00ab\u00a0nos objets ins\u00e9parables&nbsp;\u00bb.<\/p>\n\n\n\n<p class=\"has-small-font-size\"><br><strong>De 2017 \u00e0 2019 &#8211; En partenariat avec la Bande \u00e0 Grimaud et le centre social du Polygone de Lorient\u2028<\/strong><br>Cr\u00e9ation de spectacles avec les habitant\u00b7es du quartier Fr\u00e9bault \u00e0 Lorient<br>\u2028Collectage de mati\u00e8res en perspective du spectacle d\u2019Irina Dachta\u2028Impromptus chez l\u2019habitant\u00b7e, soir\u00e9es artistiques et festives.<\/p>\n\n\n\n<p class=\"has-small-font-size\"><br><strong>2010 &#8211; En partenariat avec les Maisons d\u2019arr\u00eat des Hommes de Rennes et de Vannes<\/strong><br>\u2028Ateliers d&rsquo;\u00e9criture et initiation au th\u00e9\u00e2tre d&rsquo;objets men\u00e9s par Sylvain Levey et Marie Bout \u2028<br>Pr\u00e9sentation du spectacle \u00ab\u00a0Alice pour le moment\u00a0\u00bb (cr\u00e9ation de Marie Bout sur un texte de Sylvain Levey).<\/p>\n\n\n\n<p class=\"has-small-font-size\"><br><strong>De 2009 \u00e0 2010 &#8211; En partenariat avec Grand Th\u00e9\u00e2tre de Lorient \u2028<\/strong>R\u00e9sidence dans un jardin partag\u00e9&nbsp;entretenu par des habitant\u00b7es de Lorient <br>\u2028Cr\u00e9ation de parcours-spectacles&nbsp;et de petites formes \u00e0 partir du texte de Sylvain Levey \u00ab\u00a0Cent culottes et sans papiers\u00a0\u00bb, pr\u00e9sent\u00e9es dans des jardins.<\/p>\n\n\n\n<p class=\"has-small-font-size\"><br><strong>De 2006 \u00e0 2015 &#8211; En partenariat avec Le Th\u00e9\u00e2tre du Cercle ou dans le cadre des Petites Pauses Po\u00e9tiques \u00e0 Parign\u00e9 (35)<\/strong><br>\u2028Actions d\u2019\u00e9ducation artistique et culturelle avec des com\u00e9dien\u00b7nes amateur\u00b7ices.<\/p>\n\n\n\n<p class=\"has-small-font-size\"><br><strong>Depuis la cr\u00e9ation de la compagnie : sensibilisation artistique et initiation au th\u00e9\u00e2tre ou th\u00e9\u00e2tre d\u2019objets en milieu scolaire.<\/strong><\/p>\n","protected":false},"excerpt":{"rendered":"<p>\u00c9ducation artistique et culturelle Marie Bout aime partager des aventures artistiques avec les habitant\u00b7es d&rsquo;un quartier, les r\u00e9sident\u00b7es d&rsquo;une structure, des publics scolaires. Maria Bout privil\u00e9gie les aventures qui s&rsquo;inscrivent [&hellip;]<\/p>\n","protected":false},"author":1,"featured_media":225,"parent":0,"menu_order":0,"comment_status":"closed","ping_status":"closed","template":"","meta":{"_EventAllDay":false,"_EventTimezone":"","_EventStartDate":"","_EventEndDate":"","_EventStartDateUTC":"","_EventEndDateUTC":"","_EventShowMap":false,"_EventShowMapLink":false,"_EventURL":"","_EventCost":"","_EventCostDescription":"","_EventCurrencySymbol":"","_EventCurrencyCode":"","_EventCurrencyPosition":"","_EventDateTimeSeparator":"","_EventTimeRangeSeparator":"","_EventOrganizerID":[],"_EventVenueID":[],"_OrganizerEmail":"","_OrganizerPhone":"","_OrganizerWebsite":"","_VenueAddress":"","_VenueCity":"","_VenueCountry":"","_VenueProvince":"","_VenueState":"","_VenueZip":"","_VenuePhone":"","_VenueURL":"","_VenueStateProvince":"","_VenueLat":"","_VenueLng":"","_VenueShowMap":false,"_VenueShowMapLink":false,"footnotes":""},"class_list":["post-634","page","type-page","status-publish","has-post-thumbnail","hentry"],"_links":{"self":[{"href":"https:\/\/zusvex.com\/index.php\/wp-json\/wp\/v2\/pages\/634","targetHints":{"allow":["GET"]}}],"collection":[{"href":"https:\/\/zusvex.com\/index.php\/wp-json\/wp\/v2\/pages"}],"about":[{"href":"https:\/\/zusvex.com\/index.php\/wp-json\/wp\/v2\/types\/page"}],"author":[{"embeddable":true,"href":"https:\/\/zusvex.com\/index.php\/wp-json\/wp\/v2\/users\/1"}],"replies":[{"embeddable":true,"href":"https:\/\/zusvex.com\/index.php\/wp-json\/wp\/v2\/comments?post=634"}],"version-history":[{"count":3,"href":"https:\/\/zusvex.com\/index.php\/wp-json\/wp\/v2\/pages\/634\/revisions"}],"predecessor-version":[{"id":638,"href":"https:\/\/zusvex.com\/index.php\/wp-json\/wp\/v2\/pages\/634\/revisions\/638"}],"wp:featuredmedia":[{"embeddable":true,"href":"https:\/\/zusvex.com\/index.php\/wp-json\/wp\/v2\/media\/225"}],"wp:attachment":[{"href":"https:\/\/zusvex.com\/index.php\/wp-json\/wp\/v2\/media?parent=634"}],"curies":[{"name":"wp","href":"https:\/\/api.w.org\/{rel}","templated":true}]}}